17201/14*(-2)/(-3) a prime number?
True
Let i(a) = 8*a**3 + 2*a**2 - 7*a + 7. Let x(f) = 9*f**3 + 2*f**2 - 8*f + 6. Let u(o) = 6*i(o) - 5*x(o). Let q be u(9). Is q/7 - (-20)/70 composite?
True
Let p = -13 + 15. Suppose 1311 = -p*r + 3217. Is r composite?
False
Let b = -5 - -9. Suppose b*v - 283 - 55 = -2*m, 169 = m + v. Suppose -543 = -4*d + m. Is d a prime number?
False
Let i = -802 - -1137. Is i a prime number?
False
Let t(c) = c**2 + 15*c - 54. Let x be t(-18). Let b be (-3)/(-2)*(-6340)/(-15). Suppose x = 4*n - 2*n - b. Is n composite?
False
Let w(q) = 41579*q. Is w(1) composite?
False
Suppose 5*x - 19 = -0*k - k, -3*k + 15 = x. Let b(o) = 100*o**2 - o - 3. Let l be b(3). Is l/(-4)*(-2)/x a composite number?
False
Suppose 0 = 2*b + 1 + 5. Is (b + 26)/(2/6) prime?
False
Let x(k) = 238*k + 279. Is x(26) composite?
True
Let t(j) = j**3 + 9*j**2 - 11*j - 10. Let q be t(-10). Suppose d - 2*d + 445 = q. Suppose 6*s - d = s. Is s a composite number?
False
Let g(h) = -38*h**3 + 5*h**2 - 2*h + 4. Is g(-5) composite?
False
Let f = -1075 + 2711. Suppose -6*o = -2*o - f. Let k = -16 + o. Is k a composite number?
True
Let j = -19 + 32. Suppose 0 = -z + j + 13. Suppose z = 2*a - 264. Is a prime?
False
Suppose -o + 3*g + 712 = 0, -g + 12 = 3*g. Let b = o - 365. Let r = 511 - b. Is r composite?
True
Let y = 202392 - 87203. Is y a composite number?
True
Suppose -8800 = -3*f + b, 2*f - 8*b = -4*b + 5870. Is f a prime number?
False
Let v(k) = -k**3 + 13*k**2 - 3*k - 5. Let m(y) = -6*y**2 + 2*y + 3. Let x(o) = 5*m(o) + 2*v(o). Let i = 129 + -133. Is x(i) a prime number?
True
Let r be (22/(-33))/((-2)/9). Let f be r*2 - (4 + -2). Suppose f*o - 4*y + y - 130 = 0, 2*o + 5*y - 52 = 0. Is o prime?
True
Suppose 15 = 4*z + 55. Let m = z - -124. Let w = -25 + m. Is w a prime number?
True
Let n = -35 - -45. Is 2 - 335/n*-6 a composite number?
True
Suppose -k - 111 = -1900. Suppose -4*w - k = -c, 0 = -5*c + 5*w + 5358 + 3512. Is c composite?
True
Suppose -21*d + 27*d = -24. Is ((-76)/(-20) + d)*-335 a prime number?
True
Let p = 2836 - 1213. Is p composite?
True
Let s(l) = l**3 + 25*l**2 - 17*l - 9. Let b be s(-11). Suppose b = 8*i - 3592. Is i composite?
False
Suppose -12 - 8 = 4*k. Let i be (-3 + k)/(8/(-20)). Is (-5868)/(-10) - (-4)/i a prime number?
True
Suppose 23*u - 858821 = 137585. Is u a prime number?
False
Let u(j) = 453*j - 98. Is u(33) composite?
False
Suppose -4*t - 36174 = -2*b, 5*t - 72283 = -4*b - 0*t. Is b composite?
False
Let l(z) = -z**3 - 2*z**2 + z - 4. Let t be l(-3). Suppose -2*i = j - 36 - 137, -t*j - 3*i = -349. Is j a composite number?
False
Let t(u) = 67*u**3 - 4*u**2 + 10*u + 3. Let l(q) = 45*q**3 - 3*q**2 + 7*q + 2. Let a(w) = 7*l(w) - 5*t(w). Is a(-1) a composite number?
False
Let s = 11716 + 151819. Is s a prime number?
False
Suppose 5535 = 3*o - 3*p, 10 = 5*p - 0. Is o a prime number?
True
Let q be (-3)/((-2)/(-1) - 3). Suppose -q*r - 4 + 28 = 0. Is (-2094)/(-10) + r/(-20) composite?
True
Suppose -131*c + 117*c + 164990 = 0. Is c composite?
True
Let x = 5 - -1. Let a be (-22)/x - (-40)/(-30). Let q(d) = -2*d**3 - 5*d**2 + d + 3. Is q(a) composite?
True
Let b(d) = 4*d**2 - 11*d - 160. Is b(21) a composite number?
False
Let u(w) = -2*w**3 + 15*w**2 + 3*w + 10. Let f be u(7). Suppose 77*q - f*q = -3027. Is q prime?
True
Suppose -s - 4*w = 3*s - 20, -10 = -2*s - w. Suppose 8*j = s*j + 9. Is 33095/20 - j/(-12) a prime number?
False
Let f(y) = -y**3 - y**2 + 30*y + 295. Is f(-17) composite?
False
Let l(c) = c - 6. Let t be l(3). Is (-2 - -652 - -3)*(t - -4) a prime number?
True
Let i(u) = -u**2 + u. Let z(n) = -7*n - 21. Let k(l) = -2*i(l) - z(l). Is k(-8) composite?
False
Suppose 3*g - 23861 = 2*k + 68588, 0 = k - 1. Is g composite?
False
Let t = -2 - 4. Let o(i) = -34*i + 47. Is o(t) a composite number?
False
Suppose -2*h = 5*d - 71, -3*d + 4*d - 2*h - 19 = 0. Suppose -15*m + 13*m + 18 = 0. Is (d/m)/5*1842 composite?
True
Let v(q) = 30*q - 14. Let r be v(6). Let h = r - 33. Is h composite?
True
Suppose -15909 = -0*m - 3*m - 2*p, 0 = 4*m - 2*p - 21212. Is m a prime number?
True
Let p = 578 - 381. Suppose 0 = -2*l + j + 83, 2*l - 7*l - j + p = 0. Let m = l + -27. Is m prime?
True
Let f(v) = 1185*v**2 - 33*v + 34. Is f(1) a composite number?
True
Suppose -4*o - 9691 = -3*t, 5*o + 4586 = 2*t - 1870. Is t a prime number?
False
Let p(l) = 5*l + 79. Let b be p(-12). Let q = -9 + 14. Let u = b - q. Is u prime?
False
Let i = 500 + -193. Is i a composite number?
False
Let q be 2*(-2)/4 + (-3)/(-1). Suppose 5*w + 3*j - 1664 = 0, 4*w - j + q*j = 1327. Is w a prime number?
True
Suppose 4*u = -0*u - 2*n - 18, 2*u + 3*n + 15 = 0. Let g(m) = m**3 + 7*m**2 + m - 2. Let q be g(u). Suppose -r + 0*t = 3*t - q, -5*r = 2*t - 181. Is r prime?
True
Let x(t) be the third derivative of t**8/20160 - t**7/1260 + t**6/72 - t**5/20 + 5*t**2. Let j(h) be the third derivative of x(h). Is j(13) composite?
False
Suppose 0 = 3*o + v - 80525, 6*o - 10*o + 5*v + 107392 = 0. Is o prime?
False
Let z(b) = b + 1. Let t(d) = -d**2 - d + 15. Let v(n) = -t(n) + z(n). Suppose -f - 3*c = 10, 0*c + c + 20 = 3*f. Is v(f) a prime number?
False
Let g(d) = 105*d**2 - 2*d - 1. Let x be g(2). Suppose -3*f + 332 = -x. Is (3/(9/f))/1 composite?
False
Let h be -3 + 39/12 + 1/(-4). Suppose -5*g + 5382 = 4*k, 4035 = 3*k - h*k + 3*g. Is k prime?
False
Suppose 5*k - 81721 - 20209 = 0. Is k a composite number?
True
Suppose -f = 4*h - 51140, 11*h - 38355 = 8*h + 2*f. Is h a composite number?
True
Let a(q) = -q**3 + 13*q**2 - 11*q - 12. Let d be a(12). Suppose 0*b + b - 3*l - 1121 = d, 0 = b - 5*l - 1129. Is b a composite number?
False
Let h = -4792 - -8583. Is h a composite number?
True
Let d = -1861 + 3537. Let j = 2853 - d. Is j prime?
False
Let o be 34*(-1 - 45/(-10)). Is 23120/o - 4/14 a composite number?
True
Suppose -5 = 6*x - 5*x. Let c = x - 18. Is c*(-5)/(15/6) a prime number?
False
Let q = 74 + -38. Is -2*1986/q*-3 a prime number?
True
Let w be (2 + (-2 - -1))*0. Suppose 0 = -3*v - w*v + 339. Is v prime?
True
Let z(j) = -j**3 - 4*j**2 + 3*j + 2. Let d be z(-5). Is 10566/d*((-21)/9 - -3) a prime number?
True
Suppose 0 = -l + 5*l - 5*w + 1154, -3*l - 852 = 3*w. Let h = l + 413. Is h a prime number?
True
Suppose 3*a - 5 = -4*n, 0*a = -4*n + 3*a + 11. Suppose n*s - 5*z = -s - 26, -3*s + z = 10. Is 2852/20 - s/5 a prime number?
False
Let l = -3 + 3. Suppose 61 = -4*o - 3*n - 2*n, 0 = -5*o + 3*n - 67. Let z = l - o. Is z composite?
True
Let c = -2365 + 3924. Is c a composite number?
False
Suppose 0 = -4*p - 2*k + 2, 3*p = -p + 3*k + 17. Let h(c) = -2*c**3 + 2*c**2 + c - 2. Let w be h(p). Is (12/w)/(-3)*6 a prime number?
True
Let x(w) = -27*w**2 + w + 1. Let b(u) = -53*u**2 + 2*u + 2. Let f(v) = -6*b(v) + 11*x(v). Is f(-3) a composite number?
False
Let w(l) = -4*l + 19*l + 184 - 218. Is w(19) a composite number?
False
Is 2*(5 - 3) + (-5 - -938) composite?
False
Is 7150 - ((3 - 0) + 2) prime?
False
Let s(t) = -7 + 0*t**3 - 23*t + 6*t**3 + 28*t - 2*t**3 - 3*t**2. Suppose -2*j - 3 = -13. Is s(j) a prime number?
True
Suppose 5*s - 50 = -25. Let l(a) = -20*a - 12 - 13*a + s - 15*a. Is l(-4) composite?
True
Let f(u) = -6193*u + 753. Is f(-5) prime?
False
Suppose 5*w + 10 = -10. Let s = 7 + w. Is ((-1)/s)/((-1)/633) a prime number?
True
Suppose 3*c - 4972 = 5*d, 4*c + d = -0*d + 6591. Let r be (-2)/(-16) - c/8. Is (r/((-2)/(-1)))/(-1) a composite number?
False
Suppose 21897 - 56710 = -31*t. Is t composite?
False
Let w = 5668 + -2495. Is w prime?
False
Suppose 7*j - 16*j = -18. Let f be 3*614*3/2. Suppose w = -j*w + f. Is w prime?
False
Suppose 120921 = -4*r + 21*r. Is r composite?
True
Let m(n) be the second derivative of n**5/20 + 23*n**4/12 - 13*n**3/3 + 11*n**2/2 - 8*n + 2. Is m(-19) composite?
False
Suppose -5*j = -4*m + m + 62, -4*m + 61 = -5*j. Let a = 18 + j. Let v = 30 - a. Is v prime?
False
Is ((-134)/4 + 2 + 2)*-14 a composite number?
True
Let o(y) = 11*y**3 - 7*y**2 + 19*y + 13. Is o(8) a prime number?
False
Let d(r) = r**3 + 7*r**2 - 9*r - 3. Let b be d(-8). Suppose 3*z - 28 + 12 = m, 0 = -b*z - 3*m + 50. Suppose -8*i + z*i = -307. Is i a composite number?
False
Let h(c) = 7*c - 11. Let k be 290/30 - 1/(-3). Is h(k) composite?
False
Suppose -5*s = -b - 24020 - 3974, 2*s - 11202 = -4*b. Is s